e of 125*p**3/3 + 2*p - 19. List the prime factors of n(-1).
127
Let u(l) = l**2 - 3*l + 2. Let v be u(2). Suppose 0 = -y - v*y + 17. Suppose y = 4*o - 15. What are the prime factors of o?
2
Let z be -1 + (4 + 1)/(-5). List the prime factors of z/(-7) + 2436/49.
2, 5
Let n = 1476 - 965. What are the prime factors of n?
7, 73
Let l be (-3)/(2/(-7)*15/10). Suppose -5*c = -l*c + 190. List the prime factors of c.
5, 19
Suppose 0 = 4*h + 12 - 40. What are the prime factors of (4 - h/2)/((-1)/(-170))?
5, 17
Let q(a) = -a**3 + 10*a**2 + a + 3. Let i be q(10). Let h(m) = -m + 28. Let d be h(i). Let b(t) = t**3 - 15*t**2 + t + 13. List the prime factors of b(d).
2, 7
Let r(t) = -14*t - 34. What are the prime factors of r(-34)?
2, 13, 17
Suppose 2*g = -361 + 2471. What are the prime factors of g?
5, 211
Let i(g) = 4*g + 1. Let m be i(1). Suppose -m*y + 61 = -24. List the prime factors of y.
17
Let o(h) = -5*h**2 - 2 + 14*h**2 - 2. Let g = 336 - 334. List the prime factors of o(g).
2
Suppose 5*x - 608 = -3*a, -x + 0*a = 4*a - 125. What are the prime factors of x?
11
Let g = 25 - 21. Suppose -g = 4*n - 24. What are the prime factors of 338/n - (-2)/5?
2, 17
Let z(u) = -10*u - 7. Let m(j) = 29*j + 22. Let n(s) = -6*m(s) - 17*z(s). Suppose 2*o - 4*o + 2*p - 18 = 0, 3*p = 4*o + 36. What are the prime factors of n(o)?
23
Suppose 0*r = 5*a - 3*r - 2293, -4*r + 1860 = 4*a. List the prime factors of a.
461
Suppose -4*r - r = -5*k - 5, -5*k + 7 = -r. Suppose -r*h = -h - 98. What are the prime factors of h?
7
Suppose 2*t - 2*r = 18, 5*t + 4*r = 18 + 18. What are the prime factors of t?
2
Let b be 2*(-3 - 34/(-4)). Suppose 0 = -3*j - 2*o + b + 3, 3*o = 4*j + 4. Suppose 5*x = f + j*f + 55, -4*x + 44 = f. List the prime factors of x.
11
Suppose -5*c + 46 = -2*j, 4*j = 7*c - 2*c - 52. Suppose -66 = 6*t - c*t. List the prime factors of (-568)/(-22) - (-6)/t.
2, 13
Let m(n) = 6 + 16*n + 5*n - 12 - 4*n. What are the prime factors of m(3)?
3, 5
Let d(m) = 143*m**2 - 6*m + 11. What are the prime factors of d(2)?
571
Let x(p) = p**3 + 21*p**2 - 2*p - 26. Let k be ((-42)/12)/(3/18). List the prime factors of x(k).
2
Suppose 4*i - 1521 = 191. What are the prime factors of i?
2, 107
Let r be -91 - ((-8)/4)/(-2*1). Let w = -24 - r. List the prime factors of w.
2, 17
Let v be 396/14 + (-22)/77. Let c = 133 - v. Suppose -35 + c = 5*t. What are the prime factors of t?
2, 7
Let z(g) = -21*g**3 + g**2. Let m(d) = -d + 6. Let a be m(5). Let r(f) = -f**3 - f + 1. Let s be r(a). What are the prime factors of z(s)?
2, 11
Let l(x) = 43*x - 1. Let u be l(-3). List the prime factors of (2/(-2))/(10/u).
13
Suppose 4*d + 4*i = 3*d + 889, 4*i = 20. Suppose -4*y + 831 = -d. What are the prime factors of 2/(-9) + y/9?
47
Let z = -425 + 954. What are the prime factors of z?
23
What are the prime factors of (-1 + -1)/(3 + 2260/(-752))?
2, 47
Suppose 5*g = -0*f - f + 19, 0 = 2*f - 2*g - 50. Suppose 3*h + f = 5*h. Suppose h = -2*u + 68. List the prime factors of u.
2, 7
Let p be (-280)/49 + 2/(-7). Let d be ((-34)/(-4))/(p/(-24)). Let z = 86 - d. What are the prime factors of z?
2, 13
Suppose -x - 17 = -2. Let n be (62/(-8))/(x/120). Suppose -4*m + n = 2*f, m = -3*f - 2*m + 93. What are the prime factors of f?
31
Suppose 4*v = 11 + 5. What are the prime factors of -3 - ((-236)/4 - v)?
2, 3, 5
Suppose 5*l = -6 + 41. Let j(c) = -c + 11 - l*c**3 + 10*c**3 - 4*c**3 + 7. List the prime factors of j(0).
2, 3
Let b(q) = -3*q**3 - 3 + 11*q**2 - 9*q**2 - 6*q**2 + 6*q**3 + 8*q. What are the prime factors of b(3)?
2, 3, 11
Suppose -2*q = -2*d - q + 1592, 4*d - q = 3188. What are the prime factors of d?
2, 3, 7, 19
Let x(t) = t + 8. Let f be x(0). Suppose 12*h - f*h = 252. List the prime factors of h.
3, 7
Suppose g = q + 476, -4*g + 0*q + 1909 = q. List the prime factors of g.
3, 53
Let h be (-7)/14 + (-6)/4. Let t be h/(-3)*(-750)/20. Let d = t - -42. What are the prime factors of d?
17
Let v(b) = 5*b**3 + b - 1. Let d be v(1). Suppose 0 = -4*l, -d*x - l + 117 = -273. List the prime factors of x.
2, 3, 13
Suppose -4*g - 5*o = 775, o + 1105 = -5*g + 110. Let a = g - -360. What are the prime factors of a?
2, 5
Suppose -3*l + 2*w + 11607 = 0, 10*l - 3879 = 9*l + 4*w. List the prime factors of l.
3, 1289
Let g(j) = 284*j**3 + 4*j**2 - 9*j + 13. List the prime factors of g(2).
3, 761
Suppose -4*n = 4*d + 24, d + 7 = n - 7. What are the prime factors of -2 + 165 + d/5?
7, 23
Suppose -61 = -j + 30. Suppose -2*o = -3*w - 85, 2*o + 1 - j = 4*w. What are the prime factors of o?
5, 7
Let g = 82 + -37. Suppose 15*t + 83 + 82 = 0. Let c = t + g. What are the prime factors of c?
2, 17
Let a(c) = c + 16. Let v be a(-6). List the prime factors of (-2)/v - (-26720)/100.
3, 89
Let u(a) = -a**2 - a. Let t be u(0). Suppose 4*o - 23 = f, t*o + 14 = 4*o + 2*f. Suppose 5*d + 41 = 3*z, 4*d + 62 = o*z + 2*d. List the prime factors of z.
2, 3
Suppose 0 = -776*d + 796*d - 2000. What are the prime factors of d?
2, 5
Let s be (4 - 1) + (0 - 1). Let b = 468 + -227. Suppose r + 198 = m + 3*m, 5*m + s*r - b = 0. What are the prime factors of m?
7
Let m = 1887 - 1320. Suppose 2*c - 2*s = -3*s + 379, -m = -3*c - s. List the prime factors of c.
2, 47
Suppose -20*j + 2848 = -4*j. What are the prime factors of j?
2, 89
Let r(v) = -6*v + 15*v + 8*v**2 - 7*v**2 + 4. Let t be r(8). Let j = t + -70. List the prime factors of j.
2, 5, 7
Let f be (6/(-4))/((-3)/124). Let i = 25 + f. List the prime factors of i.
3, 29
Suppose h = 6*s - s + 366, 218 = -3*s - h. Let u = s - -248. What are the prime factors of u?
5, 7
Suppose 2*w + 6 = -w. Let u be (w + 41)*(0 + 1). List the prime factors of 1710/u + (-12)/(-78).
2, 11
Suppose -2*q + 5*q - 12 = 0. Suppose 0 = q*v + 5*w - 60, -4*v + w = -w - 88. Let k = v - 1. What are the prime factors of k?
19
Suppose 0 = -3*o - 3*c + 6, -2 = 4*o - 3*c - 10. Let y(d) = 3*d - 4. What are the prime factors of y(o)?
2
Let v(y) = y**2 - 37*y + 60. What are the prime factors of v(-28)?
2, 5, 47
Let r = -28 - -166. List the prime factors of r.
2, 3, 23
Let v(n) = n + 5. Suppose 21 = 3*t - 4*t. Let z be (-7)/t*(1 - 1). List the prime factors of v(z).
5
Let o(c) = c + 9. Let b be o(3). Suppose -5*k + 8*k = b. What are the prime factors of k?
2
Suppose 0*t - 5*t + 4*l = -1081, -l = 5*t - 1086. Let q = -130 + t. List the prime factors of q.
3, 29
Let u(m) = -2*m + 1. Let v be u(1). Let c be v + 0 - (0 - -2). What are the prime factors of 65 - (0/(-3) - c)?
2, 31
Let h be 99 - ((-3)/(-3) + -5). Suppose 2*r - h = 2*o - 3*o, 2*r - 388 = -4*o. What are the prime factors of o?
5, 19
Suppose -2*v = -0*v - 16. Let c(u) = u**2 + 8*u + 5. Let g be c(-7). Let h = v + g. List the prime factors of h.
2, 3
What are the prime factors of (-1 - -5)*3*(-58851)/(-234)?
2, 3, 503
Let u = 2108 - 1066. What are the prime factors of u?
2, 521
Suppose 2*u - u - 5*o + 25 = 0, -u + 2*o = 13. Let h(z) = z**2 + z - 12. List the prime factors of h(u).
2
Let n = -2 - -8. Let i be ((-15)/(-10))/(n/596). Suppose 2*r - i - 28 = -3*w, 0 = 5*w + 4*r - 295. List the prime factors of w.
59
What are the prime factors of 12*1 + 219045/85?
3, 863
Let y(u) = u**3 - u**2 - 3*u + 4. Let p(q) = -2*q - 22. Let s be p(-12). Let a be y(s). Suppose 0*n = -a*n + 64. List the prime factors of n.
2
Let o(c) = -2*c**3 - 8*c**2 - 35*c + 22. What are the prime factors of o(-6)?
2, 47
List the prime factors of (-32676)/(-27) + (5 - (-235)/(-45)).
2, 5, 11
Suppose y = -4*w + 16, 5*y = 4*w + 9 - 1. Suppose 0 = 2*v - 5*f - 137, y*f = v - 36 - 25. What are the prime factors of v?
3
Let b = -163 - -420. What are the prime factors of b?
257
Let a be (-1)/3 - (-4)/(-6). Let j be (-10 - 1)*(0 + a). Suppose 0 = -h + 46 - j. What are the prime factors of h?
5, 7
Let m(b) = -b**3 + 23*b**2 - 83*b + 38. List the prime factors of m(18).
2, 41
Let b(j) = 0 + 3 - 12 - 39*j. List the prime factors of b(-2).
3, 23
Let w = 8 + -3. Suppose m - 2*u - u = 61, -w*m + 3*u = -341. Let z = -41 + m. List the prime factors of z.
29
Let h be 0 + -3 - (-15)/3. Suppose -39 = -h*b + 29. Let c = -24 + b. What are the prime factors of c?
2, 5
Let h = -37 - -39. What are the prime factors of (655/(-15))/((6/(-9))/h)?
131
List the prime factors of 3/(-2)*((-450)/(-27))/(-5).
5
What are the prime factors of (49 -